 - -13))?
137
(15 - ((70 - 16) + -58)) + 1 + -35
-15
-5 + 4 - (-6 - (2 + -15) - 15)
7
-277 - -212 - (-8 - 63)
6
What is 41 + -51 + 56 + -50?
-4
What is 21 - 1 - (21 + -6) - 2 - (46 + 2)?
-45
What is (10 + -20 - 5 - -4 - -18) + -89?
-82
-7802 - -7761 - (2 - (19 + 0))
-24
Evaluate 38 + 20 + 3 + -14.
47
What is (-4 - (5 + -6 + 7)) + 66 + -56?
0
Evaluate -6 + (17 + -38 + 24 - (-14 - -1)) - 6.
4
Evaluate 2 + -1 + 41 + -19 + -14.
9
Calculate (44 - (2 - -38)) + -26 + (-1 + -7 - 1).
-31
39 - (-37 + (-56 - -92))
40
What is the value of 18 - -65 - ((-7 - 10) + 11 + 4 + 4)?
81
Evaluate 64 + -165 + 40 + 73.
12
60 + (100 - 101) - -53
112
(18 - (-7 + 6 - 15)) + -23
11
What is the value of -7 - ((3 + -4 + -2 - -10) + 23 + -30)?
-7
66 + -82 + (-4 - -4) + 56
40
-11 + 13 - (2 - (10 - (-6 + 5 + 8)))
3
Calculate 20 - (17 - -11) - (-4 + (0 - 75) + -2).
73
What is 181 + -79 + (-110 - -1)?
-7
Calculate -16 - ((-41 - -29) + (4 - (-4 + -3 - -1))).
-14
What is the value of (24 - (122 - 37)) + -5?
-66
Evaluate (14 - 34 - (21 + -65)) + -17 + -1 + -1.
5
Calculate 0 + (6 - -6) + -2 + -3 + -339 + 355.
23
What is -120 + 117 + (2 - (-3 + 10 + 25))?
-33
79 + (-7 + 14 - 115)
-29
What is 52 + (-34 + 44 - (4 + 16))?
42
Evaluate -4 - (352 + -283 + (-13 - -2) + -2).
-60
-58 - -52 - (-90 - (7 + -1)) - -4 - -1
95
What is (7 - -18) + -25 + 2 + -17?
-15
What is -10 - (2 + -11) - 35?
-36
Evaluate (-57 + 65 + (-18 - 1) - 44) + -3.
-58
Evaluate (-41 + 20 - -27) + (-7 - 0) + 4.
3
-12 + -4 + -9 + (33 - (-13 - -28))
-7
What is the value of 3 - 10 - (11 + -7) - (10 - -7 - 73)?
45
(-92 - 3) + (22 - (-12 + 22 + 2 - -5))
-90
(147 - 297) + 51 + 60
-39
What is the value of 45 - (12 - (-16 + 23) - -14)?
26
What is (-13 - 97) + (2 + 8 - (-3 + 27 - 23))?
-101
Calculate (3 + (-10 - 5) - (28 - -10)) + 10.
-40
What is 2 + -7 + 55 + 7 + -24?
33
Evaluate 4 + -5 - (-1 - 0) - (-127 + 265 - 135).
-3
-16 + 16 + -5 - (-78 - -207)
-134
Calculate (2 - 1 - (9 - 2)) + 4134 + -4199.
-71
Evaluate -23 + -19 + 51 + -14.
-5
Evaluate -1 + -8 - (1181 - 1203 - (-34 - (-6 + 3))).
-18
12 - (2 + -1) - (-17 + (4 - -17) + -35)
42
What is 11 + (20 - (-19 + -13 - -51)) + (2 - 19)?
-5
(-108 - (34 - 95)) + 81
34
(-150 + 137 - (-3 + 2)) + 56
44
What is the value of -4112 + 4091 - (101 - ((5 - 1) + -3))?
-121
What is the value of (2 - 2 - 11) + (23 - -1) - -12?
25
What is -26 - (-89 + 54) - 27?
-18
-44 - (-1 - 3) - (0 - 35 - -25)
-30
What is the value of 0 - (104 + -213 - (38 - 27 - (-2 + -1)))?
123
Evaluate -125 - -144 - ((-3 - (-8 - 0)) + 1).
13
What is -10 + 27 + -1 + (-41 - -30) + 37?
42
What is 397 + -384 + (-14 - 2)?
-3
Evaluate -1 + 25 + 72 + -111 + 18.
3
-294 + (155 - -136) - (127 - 2 - (-2 - -1))
-129
What is -68 - (80 + -59 + -81)?
-8
What is the value of -25 - (-30 + -16) - 1?
20
Calculate (-3 - 5) + 9 + 10 + (-51 - -14).
-26
(-5 - -18) + -9 - -20
24
What is -20 - (-47 + 116 + -45)?
-44
What is the value of 130 - (-35 - (-32 - 76))?
57
What is the value of -1 - 2 - (22 - -10) - (20 + -7)?
-48
Calculate (88 - -4) + (309 + -290 - (-2 - -36)).
77
Evaluate (-73 + 83 - -51) + -79.
-18
23 + -52 - -15 - (-1 - 37)
24
Calculate 25 + (-70 - 15) + 109.
49
-124 + (89 - 9) - -174
130
What is -30 - ((3 - 23 - -9) + 10)?
-29
What is the value of -15 + 81 + -26 + -21 - 94?
-75
What is the value of 72 + -51 + -76 - -68?
13
-67 + 10 + (-28 + 30 - -23)
-32
What is -8 + 78 - -44 - 67?
47
Calculate -544 - -525 - (-1 + 2 + -4 + 6 + 5).
-27
What is -469 + 477 + (-24 - (0 - 4))?
-12
Calculate 1 + 0 - (7 + -2 + (-46 - -54)) - 3.
-15
Calculate 6 + 19 - (21 - 0).
4
Calculate 44 + -37 + (0 - 8) - (-32 + 7).
24
What is 108 - (8 - (-19 + 15)) - 25?
71
Calculate -13 + (-19 + 30 - (15 - (-33 + 13))).
-37
What is (-8 - (7 + 58)) + 21 + 13?
-39
What is 11 + -37 + -20 + 87 + -122?
-81
Evaluate (-3 - (2 + -4 + -17)) + -1010 + 1006.
12
2 + -1 + 0 - (5 - (4 + (23 - 12)))
11
What is the value of (-12 + -9 - 0) + (17 - -12)?
8
What is the value of -10 + (14 - 16 - -17) + -29?
-24
What is (7 - -3) + (15 + -14 - 38)?
-27
Evaluate (-60 - (-89 + -42)) + (1 - -1 - 5).
68
Evaluate -38 - (1 - (2 - (-4 + -13 + 8))).
-28
What is the value of (9 - 8) + 55 + (-9 - 15 - -7)?
39
What is the value of 32 - (11 + -8 + (-9 + 15 - 0))?
23
What is the value of -31 + 23 - (90 - 108)?
10
What is 48 + -1 + 1 - (-19 + -144 - -151)?
60
10679 + -10765 + (13 - 1)
-74
1 + -79 - ((-1 - -1) + (-986 - -978))
-70
What is 82 - (108 + -87 + 94)?
-33
92 + -1 + 9 + (-130 - -129)
99
What is (-105 - (-91 + -88)) + -164?
-90
Calculate 5 - 2 - (-187 - -172).
18
Evaluate 217 + -177 + (-1 - 7) + (15 - 13).
34
What is the value of 20 + 0 + (3 + 6 - -4) - 7?
26
-38 - (6 + -8 + 16 + -18)
-34
98 - (105 + -24 + -29)
46
(-25 - (-9 + -2 - (-623 + 512))) + (-1 - 12)
-138
-3 + (-4 - (-17 + 0)) + (10 + -14 - -51)
57
(3 - -9 - 11) + (-5 - (28 + 0))
-32
What is the value of -53 + 13 - (4 - 11 - -6)?
-39
(4 - (67 + -16 - 14)) + 5 + -13
-41
Evaluate 0 + 166 - (-3345 - -3446).
65
Evaluate -4 + 20 - (5 + -26 + 54 - -15).
-32
Evaluate -13 - 1 - (-77 + (268 - 189)).
-16
Calculate 37 + 47 + 36 + -40 - (0 - -4).
76
Calculate 21 + (53 - (15 + (-31 - -20) + 0)).
70
Evaluate (-84 - -62) + (-79 - -39).
-62
What is the value of 12 - 2 - 2 - 14 - (-2 - 101)?
97
Calculate (1 + -1 - -3) + -1670 + 1684.
17
Calculate (200 + -159 - (-34 + 2)) + -6 + 1.
68
Evaluate 42 + (-5 - -5) + (-7 - (26 + -15) - -21).
45
Evaluate -27 + -8 + (-14 - 6) - 10.
-65
0 + (-15 - -36 - 14) + -2
5
What is (19 - 0) + 74 - (23 + -2)?
72
What is the value of (-685 - -714) + (1 - 5)?
25
What is the value of 69 + 22 + -1 + -142 + 114 + (-1 - -9)?
70
What is (0 - 3) + (3 - 18) + (24 - (73 + -43))?
-24
What is the value of 21 + 27 + -37 + -1 + -38?
-28
Evaluate -25 - (53 - ((3 - 39) + -4)).
-118
What is the value of 10 + (-63 + 73 - (-52 + 2 + -3 - 1))?
74
Calculate 103 + 34 + -14 + -64.
59
What is 8 + (-5 - (4 - 0 - (33 + -4)))?
28
3 + (2 - -1) + (24 - (20 - 0))
10
What is -56 + (947 + -951 - ((-1 - 13) + -2))?
-44
What is the value of -17 - (2 + -12 - 22 - 12)?
27
What is 60 - (-30 + -17 - -129)?
-22
What is 179 + -59 + -29 + -6 + 54?
139
(-81 + -13 - -88) + (22 - (0 + -1 - 1))
18
What is -139 + -9 + 64 - -4?
-80
What is the value of -9 + -27 - (-76 + 83)?
-43
Evaluate -50 - (57 - -13 - 38).
-82
What is the value of 10 - (-12 - -1 - (268 + -260))?
29
What is 2 + 0 + -11 + 11 + -28 + 29 + 32?
35
(12 + 44 - 36) + -5
15
Calculate -23 - ((-1 - -3) + -16 + -1 + 9).
-17
Calculate -11155 - -11228 - ((-3 - -1) + -21).
96
What is the value of 34 + -39 + (45 - 61)?
-21
What is the value of 0 + 27 - (-9 + 1 + (-73 - (83 + -164)))?
27
Evaluate 1900 - 1836 - (-11 - 0).
75
What is the value of 3 + 40 + -17 + (-1 - 52)?
-27
(-360 - -368) + 0 + -36
-28
Calculate 93 - (-60 + -58 + 139).
72
What is the value of 3 - (-10 + 6 + -3) - (18 - -25)?
-33
Calculate -88 + 36 - -41 - 49.
-60
Calculate 39 + -72 + (-7 - -37) - -12.
9
Calculate (1 - (-36 - (1 - -3))) + (-48 - -59) + -11.
41
What is -9 + 19 + (4 - 26) + (63 - 3) + 2?
50
Evaluate (-64 - (-246 + 129)) + -98.
-45
What is (57 - (9 - -19)) + 61 + -27?
63
Evaluate -5 - -11 - (26 - (3 + 0)).
-17
((-35 - -25) + 12 - 35) + 68
35
What is the value of -9 - (-2 + -2 + -6 - (-21 - (14 - -1)))?
-35
Calculate (41 - 57) + 32 + -5.
11
Calculate 514 + -524 - (2 - 38).
26
What is -85 + 7 + -2 + (571 - 548)?
-57
What is (-39 - 28) + 3 - -13?
-51
What is 24 + -92 + 47 - (-73 - 6)?
58
What is (-1 - -3) + -99 - (11496 - 11502)?
-91
Calculate 13 - (7 - (-10 - (12 - 30)) - -63).
-49
What is the value of -12 - (-198 + (110 - -1))?
75
What is the value of -11 + (2 - 8) - (69 + -112)?
26
Evaluate 86 + -57 + -38 + 0 + 9.
0
What is (-9 - -11) + 103 + -107 + (-26 - 1)?
-29
Evaluate (-25 - (-7 - (-4 - -17))) + -39 + -1.
-45
What is 2901 + -2912 + (-1 - 1)?
-13
What is (4633 - 4681) + (-1 - -58)?
9
Evaluate 12 + -25 + (-37 - -43).
-7
Calculate -11 + 1 + 2 + 39 + 58 + -94.
-5
Calculate -19 + (-38 - (54 - -8)).
-119
What is the value of 47 - (7 - -10) - (-5 - -26)?
9
2 - (2 - -12) - (65 + 11 + -49)
-39
What is the value of -36 + 57 + (0 - 27) + 0 + -4 + 11?
1
What is the value of 19 - (70 + -3 + -10 + 44 + -64)?
-18
What is the value of -65 + 65 + -1 + 6 + (6 - (-31 + -7))?
49
What is (11 - 9) + -23 + 8 - (13 + -10)?
-16
What is the value of -22 + 1 + 4